-13*z. Let n(p) = p**3 + 5*p**2 - p - 4. Let h be n(-5). Suppose v = -0*v - h. What is s(v)?
13
Let s(y) be the second derivative of y**6/90 + y**5/60 - y**4/24 - y**3/3 - 3*y. Let i(r) be the second derivative of s(r). Determine i(-2).
11
Let q(i) = -4*i**2 - 11*i + 9. Let n(d) = -5*d**2 - 12*d + 10. Let b(y) = 5*n(y) - 6*q(y). Let j(a) be the first derivative of b(a). Calculate j(4).
-2
Let z(y) = y**2 + 5*y - 3. Let b(x) = 2*x - 21. Let k be b(15). Let f be k/(0 - (-3)/(-2)). Determine z(f).
3
Let v(s) = 6*s**3 - 14*s**2 + 6*s + 1. Let l(m) = -m**3 + m**2 - m + 1. Let t(d) = -5*l(d) - v(d). Determine t(9).
-15
Let h(m) = -m. Let w be h(3). Let s = 3 + w. Let b(l) = l**2 - 2. Let c be b(s). Let x(v) = -2*v**2 - 3*v. Calculate x(c).
-2
Suppose -2 = 4*w - 6. Let r(d) = -8*d - 5. Let a(k) = 15*k + 9. Let z(u) = 4*a(u) + 7*r(u). What is z(w)?
5
Let h(p) = -2*p - 3 + 2 + 3*p + 12. What is h(-5)?
6
Let o be ((-10 - -1) + -1)*(-1)/(-2). Let a(i) = -i**3 - 5*i**2 - 2*i - 6. Determine a(o).
4
Let r = 25/3 - 49/6. Let v(a) be the third derivative of -1/60*a**5 + 4*a**2 - 1/12*a**4 + r*a**3 + 0 + 0*a. Give v(-3).
-2
Let a(u) = 3*u - 1. Let g be 10/45 + 4/(-18). Let c(v) = -10*v + 0 + 3 + v + g*v. Let x(o) = -11*a(o) - 4*c(o). Determine x(-1).
-4
Let w(a) = -a**3 - 2*a + 2. Suppose 8*j - 17 = -1. Calculate w(j).
-10
Let o(v) = v**2 - 6*v + 1. Let j be -1 + 3 + 7 + -1. Let a = j - 3. Give o(a).
-4
Let k be 0/(7/((-28)/8)). Let r(f) = -2*f**3 + 2*f + 3. Let v(j) = -j**3 + j + 2. Let i(b) = -6*r(b) + 13*v(b). Calculate i(k).
8
Let v = 15 + -13. Let n(g) be the first derivative of 0*g**v + 1 - 7/3*g**3 + g. Determine n(-1).
-6
Let k be 40/15*18/4. Let r(h) = 1 - k*h + 0 + h**2 + 6*h + 7*h. Give r(0).
1
Let a(w) = -w**2 + w. Let n be a(3). Let d(h) be the second derivative of -h**5/20 - 5*h**4/12 + 5*h**3/6 - 2*h**2 - 149*h. Give d(n).
2
Let y(r) = -2*r + 4. Suppose -3*f - 2 = -17. Let j be y(f). Let b(h) = h + 1. Calculate b(j).
-5
Let z(l) = -l**2 - 2*l - 2. Suppose 0 = 5*g - 10. Suppose 0 = -g*x - 6. Give z(x).
-5
Let z(p) = -p**2 + 5*p - 5. Suppose 2*g = -3*g + 25. Suppose -4*r + g*r - 4 = 0. Determine z(r).
-1
Let z(l) = 6*l + 3. Let c(q) = 18*q + 10. Let j(w) = 2*c(w) - 7*z(w). Let v(o) = -o**3 + 5*o**2 + o - 6. Let g be v(5). Determine j(g).
5
Suppose p = -3*c - 7, c + 0*c = p - 9. Suppose -p*k - 33 = -8. Let q(y) be the third derivative of -y**6/120 - y**5/15 + y**4/4 - y**3 + y**2. Determine q(k).
-11
Let m(a) = 2*a**3 + 0 - 3*a**3 - 6 + a**2 + a. Suppose 6*g = 2*g. Give m(g).
-6
Let h(o) = 2*o + 2. Let p be -2 + 1 + (-133)/(-7). Let l = 15 - p. What is h(l)?
-4
Let g(i) = -i**2 + 8*i - 9. Suppose -3*u = -r + 6*r - 45, -4*u = 2*r - 32. Determine g(r).
3
Let m(l) = -l**2 - l + 1. Suppose 0 = -8*n - 5*n - 2*n. What is m(n)?
1
Let m(k) = 2*k**3 + 2*k**2 - 2*k. Let c be 1 + (-15 - -3)/4. Calculate m(c).
-4
Let a = 3 + -3. Suppose 0 = z - 2, -5*r + a*r + 3*z + 24 = 0. Let x(g) = -g - g + 2 + r*g - 3*g. Calculate x(-6).
-4
Let i be 0 + -3 + 1 + 7. Suppose -i*m - 2*g = -3*m - 14, 2*m + 5*g - 26 = 0. Let s(x) = 5*x**3 + x + m*x**2 - 3 - 3*x**3 - x**3. Calculate s(-3).
-6
Let y(p) = -p**3 - 5*p**2 - 3*p. Let l(r) be the first derivative of 0*r + 3 + 2*r**2 - 2 + r. Let i be l(-1). Give y(i).
-9
Let n = 6 - -3. Let q be 8/(-6)*n/(-6). Let t = q - -3. Let a(z) = z**2 - 5*z - 3. Determine a(t).
-3
Suppose -w + 4 = 5*r + 3*w, 0 = 4*r + 5*w - 5. Let i(z) = -4*z**3 + z**2 + 2*z + 6. Let u(x) = 3*x**3 - x**2 - x - 7. Let c(k) = 2*i(k) + 3*u(k). Give c(r).
-9
Let w(r) = -r + 5. Let m = -4 + 9. Suppose f - m*f = -12. Determine w(f).
2
Let h(k) be the second derivative of k**3/6 - 2*k**2 + 33*k. Give h(2).
-2
Let c(t) = t - 2. Let p = 6 + -1. Suppose -p*r + 24 = x, -2*x + 0*x = r - 12. Calculate c(r).
2
Let b(l) = 2. Let h(c) = c - 2. Let w(g) = -3*b(g) - 2*h(g). Let m = 31 - 46. Let f = 11 + m. Determine w(f).
6
Let v(i) = -6*i. Let t be 1 + (5 + -4 - 4). Determine v(t).
12
Suppose 3*w - q - 7 = -1, -4*w - q + 1 = 0. Let v(s) = -3 + 3 - 4*s. Determine v(w).
-4
Let c(b) be the second derivative of b - 1/2*b**2 + 1/3*b**3 + 0. Calculate c(5).
9
Let h(g) = -4*g - 1. Let s(t) = -5*t - 2. Let n(f) = 4*h(f) - 3*s(f). Determine n(2).
0
Let u(r) be the second derivative of r**5/20 - 5*r**2/2 - 2*r + 7. Calculate u(0).
-5
Let x(u) = u**2 - 4*u + 3. Let q be x(4). Suppose 0 = -4*n + w - 1, -5*w + 29 = 4. Let k(h) = -4 - 4*h + n + q*h**2 - 2*h**2. What is k(4)?
-3
Let i = 4 + -1. Let m(g) = 3*g + 2. Let a(f) = 4*f + 1. Let x(n) = i*m(n) - 2*a(n). Suppose -17 = 5*k + 2*o + 2*o, -4*o + 8 = 0. Calculate x(k).
-1
Let v(s) = -s**2 + s - 1. Let j(k) = -6*k**2 - 2*k - 5. Let q(z) = z**3 - 8*z**2 + z - 3. Let t be q(8). Let d(u) = t*v(u) - j(u). What is d(-6)?
-6
Let t = 115 + -122. Let w(n) = n + 9. What is w(t)?
2
Let j = -10 + 6. Let w(p) be the third derivative of p**6/120 + p**5/12 + p**4/8 + p**3/2 + p**2. Give w(j).
7
Let s(t) be the first derivative of 2 + 3*t - 1/2*t**2. What is s(4)?
-1
Let z = 28 - 20. Let i(w) = -18 + 18 - z*w**2 + w. Determine i(1).
-7
Let j(g) = 0*g**2 - 4*g + g**2 + 4 - 3. Suppose 0 = -3*m + m + 6. Give j(m).
-2
Let k(v) = v**2 + 3*v - 2. Let i be 8*(-2 + 8) - 4. Let g be i/(-10) - (-8)/20. What is k(g)?
2
Let r(x) = -x**3 - x**2 - x - 1. Let m(n) = -6*n**3 - 8*n**2 - 5*n - 1. Suppose -4*y = 2 + 18. Let i(h) = y*r(h) + m(h). Determine i(-3).
4
Suppose 4*t = 2 + 6. Let d(m) = 4*m + 0*m**3 + 6*m**2 - t*m**2 + 2 + m**3 + 0*m**3. Determine d(-3).
-1
Let b(g) = -g**3 - 5*g**2 - 2*g - 3. Let w = 9 + -14. Calculate b(w).
7
Let z(g) = -3*g**2 - 20*g - 3. Let o(a) = a**2 + 7*a + 1. Let i(l) = -11*o(l) - 4*z(l). Let c be 2/4 - 5/2. Let v be (-11 - -1)/2 - c. Determine i(v).
1
Let o(n) = 4*n**2 + n. Suppose -2*g - 10 = -6. Calculate o(g).
14
Let x(m) = -m + 5. Let w be x(9). Let k(s) = s**3 + 5*s**2 + 2*s - 1. What is k(w)?
7
Suppose -4*i = -0*i - 24. Suppose -7*x + i = -5*x. Let q(w) = -w**2 + 2*w - 4. Give q(x).
-7
Let z be 84/45 - 4/(-30). Let h(j) = 0*j**3 + 2*j**2 + z*j**3 - j**3 - j**2 - 6. Suppose -u = -3, f - 3*u + 9 = -3*f. Calculate h(f).
-6
Let b(m) = -2*m + 5. Suppose 5*u = -4*y - 6, -u = 5*y - 3*y + 6. Calculate b(y).
13
Let v(g) be the first derivative of 2*g - 1/3*g**3 - 2 + 3/2*g**2. Determine v(5).
-8
Let b be 92/(-96) + 2 - 1. Let k(a) be the third derivative of -1/6*a**3 + 0*a - 2*a**2 + b*a**4 + 0. Determine k(5).
4
Let u be 0/(-1 + -2 + 5). Let l(a) = 2*a + 3*a**2 - a + u*a**2. Let v(c) = c**3 - 2*c**2 - 2*c - 1. Let w be v(-1). Calculate l(w).
10
Let b = 11 + -8. Suppose -10 = b*h - 5*x, -h = h - 5*x + 15. Let s(k) = k + 3*k**2 + 1 + 3*k**2 - 7*k - k**3. Calculate s(h).
-4
Let y(n) = -n - 2. Let r be y(-8). Let u(j) = j**2 - 9*j + 6. What is u(r)?
-12
Let w = -6 + 7. Let s = w - 5. Let d(a) = -2*a - 2. Let b(o) = -o - 1. Let p(i) = -8*b(i) + 5*d(i). What is p(s)?
6
Let y(x) = -x**3 - 2*x**2 + 3*x - 1. Let j(s) = -s**3 + 6*s**2 + 8*s - 2. Let l be j(7). Suppose l*d - 4*b - 2 + 5 = 0, -3*b = 9. What is y(d)?
-1
Let w(p) = 2*p + 5. Suppose 0*a - t = 5*a - 29, -4*a + 12 = -2*t. Suppose a*s + 19 + 16 = 5*z, 5*s = 2*z - 29. Calculate w(s).
-5
Let n = 12 - 7. Suppose -o - f + 0 = -7, -n*o + 29 = 3*f. Let h(z) = 2*z**2 - 6*z + 2. Calculate h(o).
10
Let m(h) = -h**2 + 3*h + 5. Let u be m(4). Suppose 2*o = 3*o + u. Let n(p) = 1. Let d(s) = s - 1. Let k(r) = o*d(r) - 4*n(r). Determine k(4).
-7
Let k(z) be the third derivative of 1/60*z**5 - 2/3*z**3 + 0 + z**2 - 1/12*z**4 + 0*z. Determine k(3).
-1
Suppose c = -c + 10. Let g(o) = 2*o**3 - 2*o**2 + o. Let u be g(1). Let t(y) = 1 + 4 + u - 1 - y. What is t(c)?
0
Suppose 3*z = -2*z + 20. Let k(c) = c**3 + 6*c**2 + 6*c + 5. Let q be k(-5). Suppose 3*r - 6 = -3*l, 0 = z*r - q*l - 2*l + 4. Let v(n) = n + 4. Calculate v(r).
4
Suppose -3*p + 4*i - 3 = 0, 5*i + 5 + 25 = -3*p. Let g(d) = 4*d + 24. Let b(t) = 3*t + 16. Let q(r) = p*g(r) + 7*b(r). Calculate q(6).
-2
Let l(u) be the third derivative of -u**5/60 + u**4/6 - u**3/3 + 19*u**2. Calculate l(4).
-2
Suppose -20 = 4*p - 0*k + 3*k, k + 6 = -p. Let x be 26/(-7) - p/(-7). Let w(n) = -n + 2. Determine w(x).
6
Let w be (-1*1)/(-1)*5. Let s(b) = -1 - 5*b**2 - w + 0 - b**3 - 5*b. Suppose -5*p = i + 20, -i = p - 0 + 4. Determine s(p).
-2
Let k(l) = l**2 - 10*l + 